 What are the prime factors of j?
2, 5, 11
Suppose 6 = 2*f - 0*f. Suppose 0 = -f*g + 4*v + 18, 2*g - 3*v + 0 - 13 = 0. Suppose 0 = 3*j - g*j - 6. List the prime factors of j.
2, 3
Suppose -1448 = 4*p + 2860. Suppose -2*w - 68 = 5*d, -d + 3 = -w - 31. List the prime factors of p/(-51) + 4/w.
3, 7
What are the prime factors of 16*(6 - 4 - 0)?
2
Suppose 1 - 19 = -3*o. Let j be o + -9 - 10/2. Let q(f) = -3*f - 6. List the prime factors of q(j).
2, 3
Suppose 2*f = -2, -3*f + 0*f = g - 2. Suppose -2*k - k - h - 14 = 0, 0 = 3*k + g*h - 2. What are the prime factors of 4/k*(-126)/12?
7
Let n be (-5)/(-16 - -1)*(2 - -1). What are the prime factors of (10/4 - 0)/(n/26)?
5, 13
List the prime factors of 43856/32 + (-28)/8 + 4.
3, 457
Suppose 5*s - 3*y = 10*s - 3495, 3*s = -4*y + 2086. List the prime factors of s.
2, 3, 13
Suppose -2*b = -4148 - 194. List the prime factors of b.
13, 167
Suppose 2*a = 12 - 6. Suppose -a*f + 78 = -0. List the prime factors of f.
2, 13
Suppose 7*n - 53 = 59. Suppose n*k - 584 = 12*k. What are the prime factors of k?
2, 73
Let j(p) = 8*p - 2. Let m be j(2). Suppose -2*t + 4 - m = -4*v, 4*t - 4 = 2*v. What are the prime factors of t?
3
Let y = 205 + -8. Suppose y - 1327 = -10*s. What are the prime factors of s?
113
Let y(f) = 6*f**2 + 39*f - 533. List the prime factors of y(21).
2, 733
Let q(j) = -j + 103. What are the prime factors of q(10)?
3, 31
Let d = -123 + 552. What are the prime factors of d?
3, 11, 13
Suppose 7 + 5 = 4*b. Let f = 10 - b. Suppose -2*v = -f*v + 75. What are the prime factors of v?
3, 5
Let u(w) = 14*w**2 - 222*w - 15 + 42 + 214*w. What are the prime factors of u(4)?
3, 73
Suppose -5*z + 62 = 2*v, z + 3*v + 4 = 19. Let m = 14 - z. Suppose -m*t + 99 = t. List the prime factors of t.
3, 11
Suppose 3*u + 1579 = 5*f, 5*f + 2*u - 1589 = -0*u. What are the prime factors of f?
317
Suppose x = 2*x - 3*z - 20, -2*x + 3*z = -25. Suppose -x*t = -4*h + 313 + 15, 0 = -4*h - 3*t + 328. List the prime factors of h.
2, 41
Suppose -r + 252 + 32 = 0. Suppose 4*c = -g + 5*g + r, -g = -2*c + 145. What are the prime factors of c?
2, 37
Let f = 2 + -38. Let d = f - -58. What are the prime factors of d?
2, 11
Suppose -5*l + 102 = -4*l + 5*u, 0 = 5*l + 4*u - 531. What are the prime factors of l?
107
Suppose -5*d + 0*h + 274 = -2*h, 3*d - 160 = -h. What are the prime factors of d?
2, 3
Suppose 6*v = 20029 - 6643. List the prime factors of v.
23, 97
Let u(d) = 3*d + 1. Let p be u(-5). Let b = p + 16. Suppose 7*z - b*z - 103 = 3*k, -5*z = 5*k - 135. What are the prime factors of z?
23
Let s(w) = -12*w - 15. Let x = 19 - 27. What are the prime factors of s(x)?
3
List the prime factors of (-3 - (19 + -18))*1259/(-4).
1259
Suppose -1 = -j, -2*f - j - 246 = -697. Suppose 5*r - f = -4*r. What are the prime factors of r?
5
Let m(l) = l**2 - 5*l - 10. Let x be m(7). Suppose -x = -z - 5*b, -b + 47 = 5*z - 3*b. Let s = 5 + z. What are the prime factors of s?
2, 7
Let i(j) = 3*j - 3. Let r be i(1). Suppose 4*x = -r*x + 160. What are the prime factors of x?
2, 5
Let g be 4/(-18) + (-200)/(-90). Suppose 16 = -3*m + 4*x, g*m - 2*x = m - 8. Let y(t) = -t**3 + t**2 + t + 7. What are the prime factors of y(m)?
7
Suppose -2*o = -4*r + 10080, r - 2525 = 9*o - 6*o. What are the prime factors of r?
11, 229
Let y be -13 + 12 + (12 - 0). Let o = y - 10. Suppose r = -o + 2, -r - 107 = -3*x. List the prime factors of x.
2, 3
Suppose -9*z + 7*z - 4*g + 696 = 0, 0 = -4*z + 3*g + 1403. What are the prime factors of z?
2, 5, 7
Let f be 6/48 - 526/(-16). Let i = 61 - f. List the prime factors of i.
2, 7
Let r(q) = q**2 - 8*q + 1. Let i(c) = -c**3 + 15*c**2 + 17*c - 20. Let z be i(16). What are the prime factors of r(z)?
7
Suppose -3*h + 2554 = -4*a, 0*h = -h - 3*a + 873. List the prime factors of h.
2, 3, 11, 13
Suppose -4*p = -2*f + 2060, -4*f = -0*f - p - 4099. List the prime factors of f.
2
Suppose 0 = 5*g - 20, 13*s - 17*s + 4*g = -3720. What are the prime factors of s?
2, 467
Suppose 0 = 21*u - 15309 - 25809. What are the prime factors of u?
2, 11, 89
Let v(m) be the third derivative of m**4/6 - m**3 - 2*m**2. Let l be (-1206)/(-153) + (-4)/(-34). What are the prime factors of v(l)?
2, 13
Suppose 1235 + 893 = 4*w - 4*g, 0 = 2*w + 5*g - 1064. What are the prime factors of w?
2, 7, 19
Let j(d) = -d**3 + 5*d + 2. Suppose -6*w + 40 = -w. Suppose 20 = -w*q + 3*q. What are the prime factors of j(q)?
2, 23
Suppose -3*r + 1417 = 4*u - 1318, -1362 = -2*u + 4*r. List the prime factors of u*(-2)/(-8) + (-3)/4.
2, 5, 17
Let c(k) = k**3 + 10*k**2 - 9*k + 14. Let o be c(-11). Let d(m) be the first derivative of -m**2/2 + 9*m + 1. List the prime factors of d(o).
17
Let f = 608 + -389. List the prime factors of f.
3, 73
Let v(h) = 5*h - 23. Let p be v(6). List the prime factors of 38/(-1)*(-7)/p.
2, 19
Let w be 15/(-25)*(-5)/1. Let c be -3 - (0 - (w - 2)). What are the prime factors of c/4*(-120)/2?
2, 3, 5
Let b(a) be the second derivative of a**6/180 - a**5/120 - a**4/4 - 9*a. Let c(l) be the third derivative of b(l). List the prime factors of c(6).
23
Let g = -1473 + 2511. List the prime factors of g.
2, 3, 173
Suppose 0 = 5*c + j - 2718, 4*j - 1101 = -2*c - j. What are the prime factors of c?
3, 181
Let q = 21 + -13. Suppose 0 = 6*b - q*b + 8. Suppose -64 = -b*p + 52. List the prime factors of p.
29
Suppose -41*f + 473 = -40*f. List the prime factors of f.
11, 43
What are the prime factors of 1/(18336/2037 + -9)?
7, 97
Let t be 24/16*4/3. Suppose 3*k = 3*h + t - 35, 5*k - 17 = -h. List the prime factors of h.
2, 3
Let w(h) = 3*h + 4. Let l be w(-4). Let s = 61 + l. What are the prime factors of s?
53
Let f be 109 + 4*(-1)/(-1). Suppose -3*y = z - y - f, 3*z = y + 332. Let i = -68 + z. List the prime factors of i.
43
Suppose 9188 = 21*t - 4504. What are the prime factors of t?
2, 163
Suppose -12 = -78*z + 75*z. Suppose 4*n = 5*a - 777, -2*n + z*n - 475 = -3*a. What are the prime factors of a?
157
Suppose -2*t - 95 = -5*v, 3*v + 4*t - 33 = 50. Suppose 4*f = 5*s - 91, -2*f + f + 3*s - v = 0. Let i = 45 + f. What are the prime factors of i?
3, 7
Let g = 27 + -21. Suppose g = 3*a - 9. Suppose -a*d + 26 + 39 = 0. What are the prime factors of d?
13
Suppose 4 = -3*j + 31. Suppose -j*b = -10*b + 163. List the prime factors of b.
163
Let y(v) = -1 - 6 + 3*v + 5*v**2 + 4 + 2. Let w be y(2). Suppose -3*r - w = -8*r. What are the prime factors of r?
5
Suppose -2*d - 3*f + 1 - 3 = 0, -3*f - 12 = 0. Let y = d - 1. What are the prime factors of y?
2
Let a = 6 - -3. Let k(u) = -5*u - 33. Let m(g) = -3*g - 17. Let w(z) = -4*k(z) + 7*m(z). List the prime factors of w(a).
2
Let z(c) = c**2 + 8. Let p = -1 - -1. Let s be z(p). What are the prime factors of ((-60)/s)/5*-14?
3, 7
Suppose 3*x = x + 2*t + 780, -3*x + 4*t = -1173. Let q = x + -156. What are the prime factors of q?
3, 7, 11
Let l(w) = -69*w - 3. Let q be l(-2). Suppose 21 = -2*t + q. Let y = 81 - t. What are the prime factors of y?
2, 3
Let t = 3113 + -806. List the prime factors of t.
3, 769
Let s be (1 + 1)/((-2)/5). Let w(v) = -6*v - 8. Let b be w(s). Suppose -b + 4 = -a. What are the prime factors of a?
2, 3
Let k = -2 + 7. Let j be 2*(k/(-2) - -3). What are the prime factors of (-13 - j)/((-2)/3)?
3, 7
Let n(u) = 2*u**2 - 5*u - 21. Let s = -54 + 63. What are the prime factors of n(s)?
2, 3
Let t(s) = -s**3 - 21*s**2 + 32*s - 20. Let x be t(-22). What are the prime factors of (x/(-1))/((-12)/(-18))?
2, 3, 5
Suppose -v - 653 = -2*l, 3*l - 18*v + 13*v = 983. What are the prime factors of l?
2, 163
Let t = 86 - 110. Let l = -17 - t. What are the prime factors of l?
7
Suppose 3 - 2 = o. Suppose -5*d = 4*w - 182, -o = -d + 1. List the prime factors of w.
43
Let s(h) = 411*h - 320. What are the prime factors of s(9)?
31, 109
Let i(j) = 11*j**3 - 1. Let y be i(-2). Let b = y + 199. What are the prime factors of b?
2, 5, 11
What are the prime factors of 681 + ((-19)/38)/((-2)/(-4))?
2, 5, 17
Suppose 0 = -u + 4*r + 337, 13 = 3*r - 2. List the prime factors of u.
3, 7, 17
Suppose 0 = -4*n - 4*m + 14044, -107*m + 3503 = n - 108*m. What are the prime factors of n?
3, 7, 167
Let x(h) = 2*h - 5. Let n = 25 + -22. Let a be x(n). Let o(m) = 45*m**3 - 1. List the prime factors of o(a).
2, 11
Suppose -l + 4*l + 2130 = 5*g, -3*l = -3*g